e prime factors of 9254334.
2, 3, 83, 18583
List the prime factors of 5113787894.
2, 41, 5923, 10529
List the prime factors of 153210627.
3, 97, 175499
What are the prime factors of 557404367?
13, 311, 137869
What are the prime factors of 624687937?
73, 383, 22343
What are the prime factors of 92307510?
2, 3, 5, 19, 23, 2347
List the prime factors of 570603427.
570603427
What are the prime factors of 3006877922?
2, 31, 47, 619, 1667
List the prime factors of 2351196712.
2, 23, 419, 30497
List the prime factors of 61850128.
2, 23, 168071
What are the prime factors of 13348413?
3, 13, 114089
What are the prime factors of 151518923?
131, 1156633
What are the prime factors of 31302462?
2, 3, 19, 274583
List the prime factors of 254889469.
487, 523387
What are the prime factors of 91609442?
2, 45804721
What are the prime factors of 53518833?
3, 29, 68351
What are the prime factors of 57440660?
2, 5, 23, 193, 647
What are the prime factors of 836813178?
2, 3, 46489621
List the prime factors of 1291819720.
2, 5, 32295493
List the prime factors of 11466782.
2, 67, 83, 1031
List the prime factors of 217252649.
89, 2441041
List the prime factors of 767943340.
2, 5, 47, 816961
What are the prime factors of 1321450190?
2, 5, 19, 37, 187973
What are the prime factors of 1191866252?
2, 2851, 104513
List the prime factors of 410356344.
2, 3, 37, 462113
List the prime factors of 4281812926.
2, 3301, 648563
What are the prime factors of 684184?
2, 85523
What are the prime factors of 833806896?
2, 3, 13, 1336229
What are the prime factors of 100619081?
5669, 17749
What are the prime factors of 132431585?
5, 11, 13, 23, 8053
List the prime factors of 3380319619.
181, 3167, 5897
What are the prime factors of 842331542?
2, 13, 3779, 8573
What are the prime factors of 18252075?
3, 5, 397, 613
What are the prime factors of 230194323?
3, 3299, 7753
What are the prime factors of 75492220?
2, 5, 29, 73, 1783
What are the prime factors of 230914831?
7, 1093, 30181
What are the prime factors of 600465298?
2, 300232649
List the prime factors of 7257712.
2, 7, 11, 43, 137
What are the prime factors of 4359146992?
2, 272446687
List the prime factors of 3013139890.
2, 5, 19, 71, 223361
List the prime factors of 208853721.
3, 17, 151673
What are the prime factors of 73582519?
3203, 22973
List the prime factors of 31794232.
2, 3974279
List the prime factors of 870527924.
2, 7, 1327, 3347
List the prime factors of 485826767.
485826767
What are the prime factors of 402215138?
2, 13, 17, 113, 8053
List the prime factors of 2191412512.
2, 179, 382579
What are the prime factors of 516680839?
37, 1069, 13063
List the prime factors of 4412077904.
2, 13, 131, 161923
What are the prime factors of 78705912?
2, 3, 83, 39511
What are the prime factors of 3790794415?
5, 563, 1346641
List the prime factors of 184859587.
11, 16805417
List the prime factors of 36470773.
36470773
List the prime factors of 993404136.
2, 3, 643, 64373
List the prime factors of 144390108.
2, 3, 12032509
List the prime factors of 5677392889.
7, 2053, 56437
List the prime factors of 68680971.
3, 2399, 3181
List the prime factors of 212179153.
1511, 140423
List the prime factors of 832877005.
5, 17, 9798553
What are the prime factors of 78223608?
2, 3, 19, 211, 271
List the prime factors of 28734670.
2, 5, 79, 36373
What are the prime factors of 4154194?
2, 11, 188827
What are the prime factors of 2543122787?
38737, 65651
What are the prime factors of 6746705073?
3, 103, 263, 27673
What are the prime factors of 4671513?
3, 7, 11, 107
List the prime factors of 78255304.
2, 1087, 8999
What are the prime factors of 2512945895?
5, 502589179
List the prime factors of 126343649.
126343649
What are the prime factors of 135462460?
2, 5, 7, 17, 47, 173
List the prime factors of 30143643.
3, 10047881
List the prime factors of 105324866.
2, 19, 23, 37, 3257
List the prime factors of 801590637.
3, 97, 359, 7673
What are the prime factors of 620783018?
2, 23, 13495283
What are the prime factors of 1779805146?
2, 3, 7, 6053759
What are the prime factors of 17280972?
2, 3, 160009
What are the prime factors of 693839751?
3, 11, 17, 1236791
List the prime factors of 102572235.
3, 5, 167, 13649
What are the prime factors of 240700456?
2, 97, 310181
List the prime factors of 311208855.
3, 5, 47, 73, 6047
List the prime factors of 4359752354.
2, 317, 6876581
List the prime factors of 44413427.
44413427
What are the prime factors of 1233042587?
7, 43, 71, 57697
What are the prime factors of 677691742?
2, 7, 13, 3723581
What are the prime factors of 440378480?
2, 5, 43, 313, 409
What are the prime factors of 150333960?
2, 3, 5, 7, 37, 691
What are the prime factors of 40928333?
17, 2407549
List the prime factors of 3509961287.
7, 17, 4213639
List the prime factors of 41335948.
2, 151, 68437
List the prime factors of 1597166669.
7, 228166667
What are the prime factors of 48915010?
2, 5, 4891501
List the prime factors of 2946229649.
11, 267839059
List the prime factors of 1224817350.
2, 3, 5, 2339, 3491
What are the prime factors of 41148361?
29, 137, 10357
List the prime factors of 53536517.
53536517
What are the prime factors of 709567938?
2, 3, 4380049
What are the prime factors of 520994277?
3, 31, 197, 9479
List the prime factors of 133457734.
2, 66728867
What are the prime factors of 2512138023?
3, 93042149
What are the prime factors of 2702167187?
17, 158951011
What are the prime factors of 46500074?
2, 23250037
List the prime factors of 29194313.
29194313
What are the prime factors of 1882067699?
131, 14366929
What are the prime factors of 96074353?
96074353
List the prime factors of 59915322.
2, 3, 19, 23, 2539
What are the prime factors of 83487944?
2, 10435993
List the prime factors of 3332097048.
2, 3, 7, 19833911
List the prime factors of 388842065.
5, 37, 2101849
What are the prime factors of 129916002?
2, 3, 353, 61339
List the prime factors of 624915350.
2, 5, 2417, 5171
List the prime factors of 13058277.
3, 683, 6373
What are the prime factors of 2496136092?
2, 3, 157, 1324913
What are the prime factors of 887060662?
2, 197, 2251423
What are the prime factors of 1085567483?
7, 11, 13, 1084483
List the prime factors of 2106079629.
3, 17, 509, 81131
What are the prime factors of 449336709?
3, 197, 253433
What are the prime factors of 2771096393?
13, 281, 317, 2393
What are the prime factors of 3391757469?
3, 19, 109, 20219
What are the prime factors of 59255355?
3, 5, 1283, 3079
List the prime factors of 49773480.
2, 3, 5, 414779
What are the prime factors of 279154931?
11, 1543, 16447
List the prime factors of 605504439.
3, 67278271
What are the prime factors of 416608846?
2, 47, 4432009
List the prime factors of 365310.
2, 3, 5, 11, 41
What are the prime factors of 27972150?
2, 3, 5, 186481
What are the prime factors of 3356649169?
1433, 2342393
What are the prime factors of 405612761?
405612761
List the prime factors of 1496354417.
1087, 1376591
List the prime factors of 338808272.
2, 11, 1925047
What are the prime factors of 102293006?
2, 23, 2223761
List the prime factors of 101936270.
2, 5, 101, 100927
What are the prime factors of 532729134?
2, 3, 7, 439, 9631
List the prime factors of 9912262.
2, 19, 260849
List the prime factors of 1719271.
1719271
List the prime factors of 263110385.
5, 19, 61, 45403
List the prime factors of 779567069.
779567069
What are the prime factors of 47562214?
2, 7, 41, 43, 47
List the prime factors of 17237577.
3, 7, 820837
What are the prime factors of 98111024?
2, 11, 557449
What are the prime factors of 270984125?
5, 2167873
List the prime factors of 341289801.
3, 23, 463, 1187
List the prime factors of 280502773.
3833, 73181
List the prime factors of 445428405.
3, 5, 61, 162269
What are the prime factors of 1721913442?
2, 17, 71, 41959
What are the prime factors of 117259658?
2, 23, 2549123
List the prime factors of 240974347.
227, 1061561
What are the prime factors of 317494901?
31, 10241771
What are the prime factors of 298313054?
2, 13, 67891
List the prime factors of 66220701.
3, 22073567
What are the prime factors of 121769348?
2, 1031, 29527
What are the prime factors of 4616772781?
941, 4906241
List the prime factors of 1235579095.
5, 61, 701, 5779
What are the prime fact